 the prime factors of m?
2, 71
Let q = 101 + -98. Suppose m = -q*x - 289, 2*m + 194 = -x - x. Let f = 211 + x. What are the prime factors of f?
5, 23
Let s(d) = -d**3 - 2*d**2 - d - 8. Let m be s(0). What are the prime factors of 357 + (2 - 7/((-14)/m))?
5, 71
Let j be ((-147)/84)/(1/(-12)). Let v be (2 + 1)/(j/119). What are the prime factors of (10 - v)*(-12)/7?
2, 3
Suppose 28572 - 5958 = 6*r. List the prime factors of r.
3769
Suppose 0 = -5*l - 3*q + 18208, 0 = 2*l + 10*q - 7*q - 7276. What are the prime factors of l?
2, 911
Let y(i) = 33*i - 25. Suppose 0 = -4*d + 52 - 0. List the prime factors of y(d).
2, 101
What are the prime factors of (837344/52)/8 - 8/(-52)?
3, 11, 61
Suppose -49*j + 153534 = -280949. What are the prime factors of j?
8867
Suppose 90*l - 130869 = -97*l + 178*l. What are the prime factors of l?
3, 37, 131
Let z = 38 - 111. Let w = z - -571. What are the prime factors of w?
2, 3, 83
Let w(z) = 59*z - 14. Let j = -217 - -223. List the prime factors of w(j).
2, 5, 17
Let i be (2 - 18/5)*(-555)/6. Suppose 3*h = -h + 3*s + 668, h - i = -4*s. Let o = h + -40. What are the prime factors of o?
2, 31
Suppose 5*p + 3*p - 339030 = -2*p. What are the prime factors of p?
3, 3767
Let m(w) = -2*w - 10. Let c be m(-5). Let v be (-1)/(3/(-684) - c). Suppose 5*n - 163 = 4*f + 77, -4*n = 4*f - v. List the prime factors of n.
2, 13
Suppose 49 = 7*d + 28. List the prime factors of -1436*(39/(-12) + d) + -1.
2, 179
Let d(p) = p + 50. Let s(r) = 4*r - 59. Let q be s(11). What are the prime factors of d(q)?
5, 7
Let o = 89172 - 44668. What are the prime factors of o?
2, 5563
Let z(s) = -s**2 + 6. Let k be z(4). Let m be 3 + (k - -5) + 6. What are the prime factors of (239 - (m - 0)) + 1?
2, 59
Suppose -6*a + 8*a + 26 = -x, -a + 4*x = -5. Let k be -3*(-6)/(-4)*(a - -9). Suppose 5*u - k*u = -648. List the prime factors of u.
2, 3
Let g be 1*-3*11*(-2 + -9). Let b be (-12)/(g/(-354) + 1). Let a = b + -319. What are the prime factors of a?
3, 17
Suppose 0 = 5093*a - 5024*a - 1341774. List the prime factors of a.
2, 3, 7, 463
Suppose 11*t - 27*t + 48 = 0. Suppose -4*u = 3*v - 4679, -t*u = 2*v - 1804 - 1705. What are the prime factors of u?
7, 167
Let y(p) = -16*p + 303. List the prime factors of y(-25).
19, 37
Suppose -5*v + 576 + 9 = 0. Suppose i = -u + 2*i + 5, -i + 15 = 4*u. Suppose 4*x - x - 3*r - v = 0, 0 = -u*x + 3*r + 154. What are the prime factors of x?
37
Suppose 96 = -5*v - 264. Let h(j) = j**3 + j + 115. Let g be h(0). Let f = g + v. List the prime factors of f.
43
Let d(i) = 9*i + 470. Let c be d(-50). Suppose 21*n = -c*n + 23165. What are the prime factors of n?
5, 113
Suppose 3*w = 2*w - 3*w. Suppose -3*u + 5*t - 77 + 351 = 0, 3*t + 6 = w. List the prime factors of u.
2, 11
Suppose 0 = 10*y - 7*y - 6. Let p(q) = q**2 - 2*q + 4. Let j be p(y). Suppose -j*m - 5*g = -9*m + 365, -5*m = 2*g - 372. List the prime factors of m.
2, 37
What are the prime factors of 17/(-272) + 68738/32?
2, 3, 179
Let l(b) = b**2 + 14*b + 45. Let y be l(-10). Let w(z) = 25*z + 25. List the prime factors of w(y).
2, 3, 5
Suppose 7*y - 184 = -786. Let j be 2/(-7) - (-7320)/42. Let l = y + j. List the prime factors of l.
2, 11
Let t be (-2)/(4/18) + 2. Let u be ((-6)/(-4) - 3)/((-4)/200). Let w = u - t. What are the prime factors of w?
2, 41
Let q(m) = m**3 - m + 92. Let r be q(0). Let y = -1530 + 1526. List the prime factors of y/((-4)/2) + r.
2, 47
Suppose 18*c = -0*c + 2664. Let k = c - 106. List the prime factors of k.
2, 3, 7
Let v = -434 + 435. What are the prime factors of (-127160)/(-136) - (2*2 - v)?
2, 233
Suppose -5*y - 115 + 125 = 0. Suppose -5*d + 1178 = -v + y*v, 0 = -2*d - 3*v + 479. What are the prime factors of d?
5, 47
Suppose 421096 = 636*q - 610*q. List the prime factors of q.
2, 4049
Suppose -100542 = -4*d + 3*i, -14*i + 125664 = 5*d - 11*i. What are the prime factors of d?
2, 3, 59, 71
Suppose -127 = -4*j + 3*c, 5*j + 4*c - 112 = 39. Suppose 3*v = -859 + 955. Suppose j*b = v*b - 130. List the prime factors of b.
2, 5, 13
Let v(w) = -w**3 + 11*w**2 - 6*w - 3. Let r(o) = 389*o - 388*o + 4 - 1. Let g be r(4). What are the prime factors of v(g)?
151
Let m(q) = 5*q + 336. Suppose -3*a + 4 = -4*g, a + 1 = 3*a - g. List the prime factors of m(a).
2, 3, 7
Let v be 3 - 0 - (-257 - -40). Suppose 4*f - v = 4*r, 39*f + 5*r = 36*f + 133. List the prime factors of f.
3, 17
Let s = -132 - -170. Suppose s*z - 46*z + 4024 = 0. List the prime factors of z.
503
Let q be ((-6)/(-4))/(14/(-112)). List the prime factors of -4*(18/12)/(q/274).
137
Let f(z) = -3315*z**3 - 5*z**2 + 1. What are the prime factors of f(-1)?
7, 11, 43
Suppose -421*m = -17656226 + 1754214. List the prime factors of m.
2, 7, 19, 71
Let r be ((-9)/(-2))/((-42)/(-28)). Let m(g) = 4 - 20 + g**r - 8*g**2 - 7*g**2 + 12*g. List the prime factors of m(15).
2, 41
Let t(p) be the third derivative of 49*p**4/8 + 37*p**3/6 + 81*p**2. What are the prime factors of t(5)?
2, 193
Suppose 0 = h + 5*y - 2310, -2*y = -5*h - 6*y + 11634. What are the prime factors of h/(-3)*(-81)/54?
5, 233
Suppose -5*g = 3*l - 57976, -2*g = -4*l - 18733 - 4447. Let n be (2 - 6)*1/2. What are the prime factors of g/55 - n/10?
211
Let h = 50 - 62. Let p = -3 + h. Let d(g) = -2*g**2 - 35*g + 22. List the prime factors of d(p).
97
Let n be 2 + 5 + -7 - (-1 + -3). Suppose u = -4*u + 20, -5*c - n*u + 5006 = 0. What are the prime factors of c?
2, 499
Suppose 1299 = n + 3*s, -797*s = 2*n - 793*s - 2594. List the prime factors of n.
3, 431
Let u(i) = -i**3 + 10*i**2 - 21*i - 15. Let r be u(5). Let x(o) = 2*o**2 + 4*o - 4. Let a be x(-7). Let s = a + r. List the prime factors of s.
71
Let r = -21579 + 63411. List the prime factors of r.
2, 3, 7, 83
Suppose -35*k + 44*k = 36. Suppose 3*n - 15 = 0, y = -k*y - 2*n + 3215. List the prime factors of y.
641
Let z = 4 + -8. Let j(n) = -45*n + 54. Let d(u) = 44*u - 56. Let m(t) = 5*d(t) + 6*j(t). What are the prime factors of m(z)?
2, 61
Let g = -134 + 142. What are the prime factors of 1066/g + 21/28?
2, 67
Suppose -505 = f + 4*d, -4*f - 3*d + 306 = 2261. Let s = 32 - f. Suppose s = 5*x - 3. What are the prime factors of x?
2, 13
Let o(a) = 2042*a**2 + 12*a - 46. What are the prime factors of o(3)?
2, 7, 41
Let o be 939/(-9) + 4/(-6). Let u = 7 + -183. Let s = o - u. List the prime factors of s.
71
Let x be (-2 + 24/(-15))/(8/(-20)). Suppose 1096 = n + x*a - 8*a, 5*n - 5488 = 3*a. List the prime factors of n.
1097
Suppose 0 = 2*c + 4*o - 454, 2*c - o - 250 - 214 = 0. Let y = c + -169. What are the prime factors of y?
2, 31
List the prime factors of ((-142)/(-8))/71 - 167710/(-8).
2, 3, 1747
Suppose -f = -214 - 3066. Suppose -2672 = -12*x + f. List the prime factors of x.
2, 31
Let v = -48 + 48. Suppose -2*f + j + 317 = v, -7 = -5*j - 2. Let a = f - 50. List the prime factors of a.
109
Let b(h) = -4603*h - 10458. List the prime factors of b(-4).
2, 41, 97
Suppose 0*n = -n + 9. Let g(h) = -33*h + 38. Let i(u) = 11*u - 12. Let z(r) = -6*g(r) - 17*i(r). What are the prime factors of z(n)?
3, 5
Suppose 23*t = 13*t + 6630. Suppose t - 19 = 7*d. List the prime factors of d.
2, 23
Suppose -2*s - 3*x = -36, s - 2*s = -x - 18. Suppose -s*d + 9796 + 68 = 0. What are the prime factors of d?
2, 137
Suppose o + 17 = 186. Let t be ((-118)/(-4))/(1/(-2)). Let q = t + o. What are the prime factors of q?
2, 5, 11
Suppose -3*d + 4*v = -8, -d + 2 = v - 3*v. Suppose -d*p - 3 = -15. Suppose -5*a + 0*a + 2*i = -551, p*i + 118 = a. List the prime factors of a.
109
Suppose -5*k + 5*m = -0*m - 12445, -5*k + 3*m + 12455 = 0. List the prime factors of k.
2, 29, 43
Suppose 3*d = 2*i + 7, -3*i + d = -4*d + 13. Suppose 2*w - 6 = 5*r, 3*w + i - 2 = 2*r. List the prime factors of (r - (-12)/8)*-190.
5, 19
Let l = 23761 - 16487. List the prime factors of l.
2, 3637
Let d be -1 + ((-5)/(-1) - 1). Suppose 0 = -3*c + 5*m + 5, -5*c = -6*m + d*m - 19. Suppose 5*b + 450 = c*f, -64 = -f + 4*b + 26. List the prime factors of f.
2, 3, 5
Let s = 36 - 34. Suppose s*v + 0*v = 6. Suppose 4*m - 329 = -t, -2*m - v*t = m - 249. What are the prime factors of m?
2, 41
Let y(h) = -371*h**3 - 2*h**2 + 1. Let o be y(-1). Let w = o - 760. Let z = -270 - w. List the prime factors of z.
2, 3, 5
Suppose -5*o = -3*r - 674, 3*r + 2*o + 719 = 